late the highest common factor of 7812 and 9416064.
2604
Calculate the greatest common divisor of 31208 and 3128.
8
What is the highest common divisor of 3712992 and 120?
24
What is the greatest common divisor of 10 and 38585660?
10
Calculate the highest common factor of 8015 and 3754455.
1145
Calculate the greatest common factor of 276 and 81900930.
138
What is the highest common divisor of 26901 and 276895836?
3843
Calculate the highest common divisor of 2227 and 78103379.
131
What is the greatest common factor of 579193 and 7013337?
3001
Calculate the greatest common factor of 31734864 and 28.
28
Calculate the greatest common divisor of 11068125 and 13125.
1875
What is the greatest common factor of 127185 and 295545?
915
Calculate the highest common divisor of 1298 and 2131888418.
1298
What is the greatest common factor of 72 and 373604292?
36
What is the highest common factor of 44268391 and 629?
629
Calculate the greatest common divisor of 862 and 275031013.
431
What is the highest common factor of 1255 and 24698149?
251
Calculate the greatest common factor of 48574 and 5960.
298
Calculate the highest common factor of 3201314 and 1554.
74
Calculate the highest common factor of 33705600 and 74880.
1920
Calculate the highest common factor of 3336 and 8172088.
1112
Calculate the greatest common divisor of 47570 and 29110.
710
Calculate the greatest common divisor of 284068 and 190256.
188
What is the greatest common divisor of 492 and 219066280?
164
What is the highest common divisor of 17632 and 317984?
608
What is the greatest common divisor of 208 and 12584848?
16
What is the highest common divisor of 58953 and 18848508?
1371
Calculate the greatest common divisor of 148 and 13096298.
74
Calculate the highest common divisor of 39840925 and 8700.
725
Calculate the greatest common divisor of 1259027 and 2021614.
1379
Calculate the highest common divisor of 18962706 and 7056.
294
Calculate the highest common factor of 492 and 13095154.
82
What is the highest common divisor of 85096 and 49?
1
Calculate the highest common divisor of 191168523 and 819.
819
Calculate the highest common factor of 1207832 and 16.
8
Calculate the highest common factor of 155329600 and 150.
50
Calculate the greatest common factor of 192 and 8761216.
64
Calculate the greatest common factor of 98941 and 6677.
607
What is the greatest common divisor of 165 and 13756770?
15
What is the highest common factor of 1794 and 1712373?
897
Calculate the greatest common factor of 330 and 118816896.
66
What is the greatest common factor of 23457 and 137893?
7
What is the greatest common divisor of 726 and 169176634?
242
What is the greatest common divisor of 342 and 436160124?
342
Calculate the highest common divisor of 399274976 and 2144.
2144
What is the highest common factor of 16056260 and 76?
4
What is the greatest common factor of 6 and 176074374?
6
Calculate the greatest common divisor of 192 and 3838038.
6
What is the highest common factor of 52723914 and 522?
174
Calculate the highest common factor of 14432 and 525536.
352
Calculate the highest common factor of 296928 and 5998358.
2062
Calculate the greatest common factor of 3707 and 144221.
11
What is the greatest common factor of 168 and 441967596?
84
Calculate the highest common divisor of 117108 and 34896.
12
Calculate the highest common factor of 536 and 51456.
536
Calculate the highest common divisor of 206995 and 610.
5
What is the highest common factor of 359848276 and 2140?
428
Calculate the greatest common divisor of 609023 and 1696.
53
What is the highest common divisor of 114183 and 1125?
9
Calculate the highest common divisor of 33320 and 1998367.
833
Calculate the highest common divisor of 614574 and 836.
38
What is the greatest common divisor of 895871691 and 6309?
6309
What is the highest common divisor of 910 and 148997485?
455
Calculate the highest common divisor of 16 and 20051912.
8
What is the greatest common factor of 349986 and 258?
6
What is the greatest common factor of 7098 and 1565928?
546
What is the greatest common divisor of 1521001 and 7622?
103
What is the greatest common divisor of 4 and 17362208?
4
Calculate the highest common factor of 7182 and 153954.
54
Calculate the highest common divisor of 243496876 and 22736.
5684
What is the highest common divisor of 474337324 and 124?
124
What is the greatest common factor of 4027122 and 43731?
387
What is the highest common divisor of 1838980 and 195?
65
What is the highest common divisor of 3916 and 4242986?
1958
Calculate the highest common factor of 4363931 and 66.
11
Calculate the highest common divisor of 66581 and 56851.
139
What is the highest common factor of 190027149 and 3549?
507
Calculate the greatest common divisor of 128148 and 2754828.
708
What is the highest common factor of 11133 and 25399321?
1237
What is the greatest common divisor of 69173225 and 275?
275
What is the highest common factor of 7368475 and 25?
25
Calculate the highest common divisor of 75 and 47676.
3
Calculate the greatest common divisor of 8813232 and 1149264.
3312
Calculate the greatest common divisor of 85631 and 87027444.
6587
Calculate the highest common divisor of 4362820 and 41580.
1540
Calculate the greatest common divisor of 13748 and 38017.
7
What is the greatest common divisor of 413102992 and 213?
71
What is the highest common factor of 530145441 and 1093?
1093
Calculate the greatest common factor of 1774 and 51262.
2
Calculate the highest common factor of 7 and 43250179.
7
Calculate the greatest common factor of 219 and 148400459.
73
Calculate the highest common divisor of 397848 and 82401.
363
Calculate the highest common divisor of 46892079 and 234.
117
Calculate the greatest common factor of 121551950 and 52.
26
What is the greatest common divisor of 4500 and 736100?
100
Calculate the greatest common divisor of 1560 and 1290990.
30
Calculate the greatest common factor of 3625 and 11097575.
725
What is the greatest common divisor of 7247061 and 3339?
477
What is the greatest common divisor of 84500660 and 29940?
9980
What is the highest common divisor of 482 and 13824483?
241
Calculate the highest common divisor of 911528 and 128.
8
Calculate the highest common factor of 3185 and 94809.
13
What is the highest common divisor of 12 and 6718875?
3
Calculate the greatest common factor of 21216 and 550368.
1248
What is the highest common factor of 201166640 and 104472?
11608
What is the greatest common divisor of 2957796 and 60?
12
Calculate the greatest common divisor of 7664 and 112915628.
1916
What is the greatest common divisor of 351 and 1101503?
13
Calculate the greatest common divisor of 972976458 and 8298.
2766
Calculate the highest common factor of 595 and 1077025565.
595
What is the highest common divisor of 61074 and 415701?
117
What is the greatest common divisor of 15947 and 1813?
37
Calculate the highest common factor of 13664 and 776608.
224
Calculate the greatest common divisor of 534 and 5638328.
178
Calculate the greatest common divisor of 3304614573 and 117.
117
Calculate the highest common divisor of 14944650 and 5250.
1050
What is the greatest common factor of 202038 and 57088?
446
What is the greatest common divisor of 8300610 and 90?
90
Calculate the greatest common divisor of 77250 and 470.
10
What is the greatest common divisor of 6053060 and 1040?
260
Calculate the highest common divisor of 1356565 and 58310.
1715
Calculate the highest common factor of 970 and 14670260.
10
Calculate the greatest common divisor of 42 and 1071025914.
42
Calculate the highest common factor of 27584 and 250152400.
6896
Calculate the greatest common factor of 14553 and 471723.
147
What is the highest common factor of 8877596 and 1092?
364
Calculate the greatest common divisor of 1970 and 374076208.
394
Calculate the highest common factor of 8056 and 68158.
106
What is the highest common factor of 11434922 and 72998?
4294
What is the greatest common factor of 192085 and 1375960?
205
Calculate the highest common factor of 3890 and 42445735.
1945
What is the greatest common divisor of 14216277 and 2967?
69
What is the greatest common divisor of 4790 and 959331620?
4790
What is the greatest common divisor of 9004129 and 7145?
1429
Calculate the h